 of 1352?
True
Does 44 divide 616?
True
Does 120 divide 9600?
True
Is 11 a factor of 1243?
True
Is 1292 a multiple of 38?
True
Does 23 divide 19665?
True
Does 178 divide 33527?
False
Is 7490 a multiple of 5?
True
Is 8770 a multiple of 6?
False
Is 19 a factor of 9685?
False
Is 8939 a multiple of 26?
False
Does 16 divide 1297?
False
Is 590 a multiple of 10?
True
Does 32 divide 18240?
True
Is 78380 a multiple of 20?
True
Is 756 a multiple of 14?
True
Does 33 divide 2706?
True
Is 21 a factor of 3381?
True
Does 3 divide 402?
True
Is 2874 a multiple of 24?
False
Is 57 a factor of 3116?
False
Is 56 a factor of 61793?
False
Is 17493 a multiple of 107?
False
Does 41 divide 62?
False
Does 16 divide 42?
False
Is 174 a multiple of 6?
True
Is 9430 a multiple of 8?
False
Is 449 a multiple of 7?
False
Is 8 a factor of 4192?
True
Is 11968 a multiple of 16?
True
Does 6 divide 221?
False
Does 46 divide 63296?
True
Is 6 a factor of 546?
True
Is 6156 a multiple of 12?
True
Does 8 divide 1641?
False
Is 10108 a multiple of 6?
False
Is 135 a factor of 7620?
False
Is 1820 a multiple of 20?
True
Does 13 divide 872?
False
Is 1865 a multiple of 23?
False
Does 9 divide 639?
True
Is 68 a factor of 1387?
False
Does 101 divide 5886?
False
Is 54349 a multiple of 17?
True
Is 3225 a multiple of 25?
True
Is 560 a multiple of 7?
True
Is 25492 a multiple of 16?
False
Is 138 a factor of 32292?
True
Is 102 a factor of 9180?
True
Is 683 a multiple of 3?
False
Is 3854 a multiple of 94?
True
Is 12 a factor of 192?
True
Does 4 divide 12926?
False
Does 11 divide 274?
False
Does 4 divide 3388?
True
Does 33 divide 231?
True
Does 23 divide 4976?
False
Is 68 a factor of 408?
True
Is 2 a factor of 2204?
True
Is 61 a factor of 3308?
False
Is 83 a factor of 25813?
True
Is 307 a factor of 100389?
True
Does 34 divide 1020?
True
Is 12616 a multiple of 28?
False
Is 31 even?
False
Is 202 a factor of 57316?
False
Is 130 a factor of 6091?
False
Is 14490 a multiple of 2?
True
Is 55 a factor of 199?
False
Is 15 a factor of 300?
True
Is 1428 a multiple of 102?
True
Does 83 divide 1090?
False
Does 32 divide 994?
False
Does 151 divide 35766?
False
Is 143 a multiple of 21?
False
Is 3 a factor of 53?
False
Is 61 a factor of 8052?
True
Does 13 divide 4134?
True
Is 6456 a multiple of 24?
True
Is 1205 a multiple of 7?
False
Is 854 a multiple of 14?
True
Is 79 a factor of 5451?
True
Is 35 a factor of 5142?
False
Is 5 a factor of 523?
False
Does 16 divide 9596?
False
Does 14 divide 4108?
False
Is 22610 a multiple of 170?
True
Is 140 a multiple of 35?
True
Is 717 a multiple of 5?
False
Does 11 divide 34661?
True
Does 193 divide 9264?
True
Does 71 divide 8927?
False
Does 2 divide 255?
False
Does 16 divide 7952?
True
Is 6528 a multiple of 11?
False
Is 2020 a multiple of 12?
False
Is 36037 a multiple of 120?
False
Does 34 divide 2068?
False
Is 15622 a multiple of 73?
True
Is 26549 a multiple of 139?
True
Is 2 a factor of 36?
True
Is 158781 a multiple of 40?
False
Does 20 divide 119?
False
Is 3228 a multiple of 55?
False
Does 8 divide 35912?
True
Does 5 divide 879?
False
Is 7643 a multiple of 55?
False
Does 53 divide 101701?
False
Is 720 a multiple of 9?
True
Is 13 a factor of 20124?
True
Does 84 divide 3528?
True
Does 13 divide 2548?
True
Is 3 a factor of 239?
False
Does 79 divide 5846?
True
Is 465 a multiple of 93?
True
Does 30 divide 61901?
False
Is 5 a factor of 79?
False
Is 13 a factor of 1187?
False
Is 8 a factor of 33811?
False
Is 1176 a multiple of 2?
True
Is 53999 a multiple of 53?
False
Is 44 a factor of 43466?
False
Is 1833 a multiple of 16?
False
Is 16064 a multiple of 64?
True
Does 79 divide 3052?
False
Is 20 a factor of 80?
True
Is 20636 a multiple of 18?
False
Is 1416 a multiple of 24?
True
Is 19354 a multiple of 18?
False
Does 44 divide 2023?
False
Does 41 divide 78433?
True
Is 300 a multiple of 3?
True
Is 8 a multiple of 4?
True
Is 841 a multiple of 4?
False
Does 18 divide 19?
False
Does 81 divide 4996?
False
Is 4723 a multiple of 5?
False
Is 40560 a multiple of 26?
True
Is 1278 a multiple of 71?
True
Does 7 divide 4678?
False
Is 63959 a multiple of 11?
False
Does 98 divide 787?
False
Is 5928 a multiple of 76?
True
Is 1327 a multiple of 22?
False
Is 14 a factor of 11452?
True
Is 27 a factor of 2160?
True
Does 3 divide 23253?
True
Does 8 divide 104?
True
Does 33 divide 594?
True
Is 434 a multiple of 2?
True
Is 84822 a multiple of 14?
False
Is 93 a factor of 12538?
False
Does 4 divide 116?
True
Is 77 a factor of 2002?
True
Is 114 a multiple of 27?
False
Does 9 divide 7874?
False
Is 34 a factor of 28427?
False
Does 57 divide 19691?
False
Is 1792 a multiple of 56?
True
Is 25706 a multiple of 163?
False
Is 52440 a multiple of 27?
False
Is 3 a factor of 27?
True
Is 1267 a multiple of 2?
False
Is 48 a factor of 934?
False
Does 101 divide 12881?
False
Is 352 a multiple of 32?
True
Is 449 a multiple of 11?
False
Does 21 divide 3416?
False
Is 1650 a multiple of 25?
True
Does 9 divide 20682?
True
Does 15 divide 136?
False
Is 672 a multiple of 8?
True
Is 469 a multiple of 7?
True
Does 12 divide 84?
True
Does 26 divide 251?
False
Does 33 divide 210?
False
Is 17 a factor of 1054?
True
Is 14 a multiple of 7?
True
Is 76818 a multiple of 59?
True
Is 24698 a multiple of 12?
False
Is 25 a factor of 4425?
True
Is 13 a factor of 2870?
False
Is 3 a factor of 1030?
False
Is 18 a factor of 10116?
True
Is 1908 a multiple of 36?
True
Is 8123 a multiple of 21?
False
Is 6464 a multiple of 22?
False
Does 3 divide 352?
False
Does 9 divide 5760?
True
Is 12 a factor of 13157?
False
Is 360 a multiple of 45?
True
Is 10000 a multiple of 102?
False
Does 53 divide 1744?
False
Is 28 a factor of 6888?
True
Is 11625 a multiple of 15?
True
Is 2 a factor of 409?
False
Is 767 a multiple of 8?
False
Is 4 a factor of 2728?
True
Does 16 divide 1888?
True
Does 5 divide 39318?
False
Is 849 a multiple of 21?
False
Is 73 a factor of 33422?
False
Is 29 a factor of 638?
True
Is 122 even?
True
Is 35 a factor of 6475?
True
Is 14 a factor of 476?
True
Is 420 a multiple of 5?
True
Does 22 divide 128?
False
Is 1587 a multiple of 66?
False
Does 27 divide 4464?
False
Is 7 a factor of 179?
False
Is 55476 a multiple of 18?
True
Is 763 a multiple of 5?
False
Does 25 divide 3291?
False
Is 10 a factor of 1180?
True
Is 28 a factor of 332?
False
Is 216 a multiple of 10?
False
Does 15 divide 1050?
True
Is 996 a multiple of 9?
False
Is 7188 a multiple of 24?
False
Is 16 a factor of 95714?
False
Is 46 a factor of 2070?
True
Is 127 a factor of 117020?
False
Is 14 a factor of 1221?
False
Does 14 divide 1607?
False
Is 1239 a multiple of 7?
True
Is 237 a multiple of 5?
False
Is 128 a factor of 21376?
True
Is 72 a factor of 3555?
False
Is 689 a multiple of 24?
False
Is 8 a factor of 936?
True
Does 28 divide 2772?
True
Is 11 a factor of 943?
False
Is 9 a factor of 804?
False
Is 2 a factor of 1434?
True
Does 112 divide 7595?
False
Is 35230 a multiple of 264?
False
Is 3 a factor of 239?
False
Is 7 a factor of 465?
False
Is 31 a factor of 984?
False
Is 18 a factor of 450?
True
Is 8 a factor of 1686?
False
Does 140 divide 12880?
True
Does 15 divide 23091?
False
Is 1218 a multiple of 3?
True
Is 2774 a multiple of 73?
True
Is 11 a factor of 4081?
True
Is 238 a multiple of 11?
False
Is 25857 a multiple of 17?
True
Is 3224 a multiple of 104?
True
Does 66 divide 1526?
False
Does 25 divide 1375?
True
Does 4 divide 42?
False
Does 9 divide 6619?
False
Does 11 divide 3619?
True
Is 17 a factor of 15079?
True
Is 805 a multiple of 3?
False
Does 15 divide 3660?
True
Does 43 divide 22901?
False
Is 13 a factor of 2233?
False
Does 32 divide 20512?
True
Does 11 divide 15169?
True
Does 82 divide 1349?
False
Does 28 divide 105?
False
Is 5679 a multiple of 77?
False
Does 15 divide 1590?
True
Does 104 divide 31312?
False
Is 142 a factor of 30040?
False
Is 100 a factor of 7652?
False
Is 29 a factor of 42920?
True
Is 10 a factor of 68038?
False
Does 7 divide 364?
True
Does 288 divide 5472?
True
Is 1520 a multiple of 17?
False
Is 12276 a multiple of 44?
True
Does 104 divide 54685?
False
Does 16 divide 5295?
False
Does 46 divide 1426?
True
Does 31 divide 3441?
True
Is 3576 a multiple of 149?
True
Is 44 a factor of 674?
False
Is 2897 a multiple of 21?
False
Is 10 a factor of 1680?
True
Is 15708 a m